{"id":55317,"date":"2017-10-16T15:23:12","date_gmt":"2017-10-16T13:23:12","guid":{"rendered":"https:\/\/laperla21.wpengine.com\/la-perla-salud-estetica\/membre-gym-week-end\/"},"modified":"2025-02-25T13:02:32","modified_gmt":"2025-02-25T12:02:32","slug":"socio-gym-fin-de-semana","status":"publish","type":"product","link":"https:\/\/la-perla.net\/fr\/produit\/socio-gym-fin-de-semana\/","title":{"rendered":"Membre Gym le week-end"},"content":{"rendered":"<p>Adh\u00e9rent \u00e0 la salle de sport pour le week-end. Les samedis et jours f\u00e9ri\u00e9s de 8h30 \u00e0 21h30, les dimanches de 8h30 \u00e0 20h30.<\/p>\n<p>Installations avec acc\u00e8s direct \u00e0 la plage et possibilit\u00e9 d&rsquo;entra\u00eenement en ext\u00e9rieur. Avec 6 espaces d&rsquo;entra\u00eenement \u00e9quip\u00e9s de poids libres, d&rsquo;\u00e9quipements cardiovasculaires TechnoGym et de cours guid\u00e9s (chor\u00e9graphie, tonification, haute intensit\u00e9, \u00e9tirements, etc.).<\/p>\n","protected":false},"excerpt":{"rendered":"<p>Abonnement \u00e0 la salle de sport pour le week-end. Les samedis et jours f\u00e9ri\u00e9s de 8h30 \u00e0 21h30, les dimanches de 8h30 \u00e0 20h30.<br \/>\nInstallations avec acc\u00e8s direct \u00e0 la plage et possibilit\u00e9s d&rsquo;entra\u00eenement en plein air.<\/p>\n","protected":false},"featured_media":137730,"template":"","meta":{"_genesis_hide_title":false,"_genesis_hide_breadcrumbs":false,"_genesis_hide_singular_image":false,"_genesis_hide_footer_widgets":false,"_genesis_custom_body_class":"","_genesis_custom_post_class":"","_genesis_layout":""},"product_brand":[],"product_cat":[902],"product_tag":[],"class_list":{"0":"post-55317","1":"product","2":"type-product","3":"status-publish","4":"has-post-thumbnail","6":"product_cat-tarifs-membres","7":"entry","9":"first","10":"instock","11":"shipping-taxable","12":"purchasable","13":"product-type-simple"},"yoast_head":"<!-- This site is optimized with the Yoast SEO plugin v25.6 - https:\/\/yoast.com\/wordpress\/plugins\/seo\/ -->\n<title>Hazte Socio Fin de Semana del gimnasio en Donostia | La Perla<\/title>\n<meta name=\"description\" content=\"Si solo dispones del fin de semana puedres elegir la modalidad de Socio de Fin de Semana de tu gimnasio en San Sebasti\u00e1n. Festivos incluidos.\" \/>\n<meta name=\"robots\" content=\"index, follow, max-snippet:-1, max-image-preview:large, max-video-preview:-1\" \/>\n<link rel=\"canonical\" href=\"https:\/\/la-perla.net\/fr\/produit\/socio-gym-fin-de-semana\/\" \/>\n<meta property=\"og:locale\" content=\"fr_FR\" \/>\n<meta property=\"og:type\" content=\"article\" \/>\n<meta property=\"og:title\" content=\"Hazte Socio Fin de Semana del gimnasio en Donostia | La Perla\" \/>\n<meta property=\"og:description\" content=\"Si solo dispones del fin de semana puedres elegir la modalidad de Socio de Fin de Semana de tu gimnasio en San Sebasti\u00e1n. Festivos incluidos.\" \/>\n<meta property=\"og:url\" content=\"https:\/\/la-perla.net\/fr\/produit\/socio-gym-fin-de-semana\/\" \/>\n<meta property=\"og:site_name\" content=\"Talasoterapia La Perla \u2022 San Sebasti\u00e1n - Donostia\" \/>\n<meta property=\"article:publisher\" content=\"https:\/\/www.facebook.com\/laperladonosti\/\" \/>\n<meta property=\"article:modified_time\" content=\"2025-02-25T12:02:32+00:00\" \/>\n<meta property=\"og:image\" content=\"https:\/\/la-perla.net\/wp-content\/uploads\/2017\/10\/gimnasio-fin-de-semana.jpg\" \/>\n\t<meta property=\"og:image:width\" content=\"655\" \/>\n\t<meta property=\"og:image:height\" content=\"437\" \/>\n\t<meta property=\"og:image:type\" content=\"image\/jpeg\" \/>\n<meta name=\"twitter:card\" content=\"summary_large_image\" \/>\n<meta name=\"twitter:site\" content=\"@LaPerlaDonosti\" \/>\n<meta name=\"twitter:label1\" content=\"Dur\u00e9e de lecture estim\u00e9e\" \/>\n\t<meta name=\"twitter:data1\" content=\"1 minute\" \/>\n<script type=\"application\/ld+json\" class=\"yoast-schema-graph\">{\"@context\":\"https:\/\/schema.org\",\"@graph\":[{\"@type\":\"WebPage\",\"@id\":\"https:\/\/la-perla.net\/fr\/produit\/socio-gym-fin-de-semana\/\",\"url\":\"https:\/\/la-perla.net\/fr\/produit\/socio-gym-fin-de-semana\/\",\"name\":\"Hazte Socio Fin de Semana del gimnasio en Donostia | La Perla\",\"isPartOf\":{\"@id\":\"https:\/\/la-perla.net\/#website\"},\"primaryImageOfPage\":{\"@id\":\"https:\/\/la-perla.net\/fr\/produit\/socio-gym-fin-de-semana\/#primaryimage\"},\"image\":{\"@id\":\"https:\/\/la-perla.net\/fr\/produit\/socio-gym-fin-de-semana\/#primaryimage\"},\"thumbnailUrl\":\"https:\/\/la-perla.net\/wp-content\/uploads\/2017\/10\/gimnasio-fin-de-semana.jpg\",\"datePublished\":\"2017-10-16T13:23:12+00:00\",\"dateModified\":\"2025-02-25T12:02:32+00:00\",\"description\":\"Si solo dispones del fin de semana puedres elegir la modalidad de Socio de Fin de Semana de tu gimnasio en San Sebasti\u00e1n. Festivos incluidos.\",\"breadcrumb\":{\"@id\":\"https:\/\/la-perla.net\/fr\/produit\/socio-gym-fin-de-semana\/#breadcrumb\"},\"inLanguage\":\"fr-FR\",\"potentialAction\":[{\"@type\":\"ReadAction\",\"target\":[\"https:\/\/la-perla.net\/fr\/produit\/socio-gym-fin-de-semana\/\"]}]},{\"@type\":\"ImageObject\",\"inLanguage\":\"fr-FR\",\"@id\":\"https:\/\/la-perla.net\/fr\/produit\/socio-gym-fin-de-semana\/#primaryimage\",\"url\":\"https:\/\/la-perla.net\/wp-content\/uploads\/2017\/10\/gimnasio-fin-de-semana.jpg\",\"contentUrl\":\"https:\/\/la-perla.net\/wp-content\/uploads\/2017\/10\/gimnasio-fin-de-semana.jpg\",\"width\":655,\"height\":437},{\"@type\":\"BreadcrumbList\",\"@id\":\"https:\/\/la-perla.net\/fr\/produit\/socio-gym-fin-de-semana\/#breadcrumb\",\"itemListElement\":[{\"@type\":\"ListItem\",\"position\":1,\"name\":\"Portada\",\"item\":\"https:\/\/la-perla.net\/fr\/\"},{\"@type\":\"ListItem\",\"position\":2,\"name\":\"Boutique\",\"item\":\"https:\/\/la-perla.net\/fr\/boutique\/\"},{\"@type\":\"ListItem\",\"position\":3,\"name\":\"Membre Gym le week-end\"}]},{\"@type\":\"WebSite\",\"@id\":\"https:\/\/la-perla.net\/#website\",\"url\":\"https:\/\/la-perla.net\/\",\"name\":\"Talasoterapia La Perla \u2022 San Sebasti\u00e1n - Donostia\",\"description\":\"Talasoterapia en Guipuzcoa - Centro de salud, belleza y deporte\",\"publisher\":{\"@id\":\"https:\/\/la-perla.net\/#organization\"},\"potentialAction\":[{\"@type\":\"SearchAction\",\"target\":{\"@type\":\"EntryPoint\",\"urlTemplate\":\"https:\/\/la-perla.net\/?s={search_term_string}\"},\"query-input\":{\"@type\":\"PropertyValueSpecification\",\"valueRequired\":true,\"valueName\":\"search_term_string\"}}],\"inLanguage\":\"fr-FR\"},{\"@type\":\"Organization\",\"@id\":\"https:\/\/la-perla.net\/#organization\",\"name\":\"La Perla\",\"url\":\"https:\/\/la-perla.net\/\",\"logo\":{\"@type\":\"ImageObject\",\"inLanguage\":\"fr-FR\",\"@id\":\"https:\/\/la-perla.net\/#\/schema\/logo\/image\/\",\"url\":\"https:\/\/la-perla.net\/wp-content\/uploads\/2020\/09\/talasoterapia-la-perla.png\",\"contentUrl\":\"https:\/\/la-perla.net\/wp-content\/uploads\/2020\/09\/talasoterapia-la-perla.png\",\"width\":191,\"height\":51,\"caption\":\"La Perla\"},\"image\":{\"@id\":\"https:\/\/la-perla.net\/#\/schema\/logo\/image\/\"},\"sameAs\":[\"https:\/\/www.facebook.com\/laperladonosti\/\",\"https:\/\/x.com\/LaPerlaDonosti\",\"https:\/\/www.instagram.com\/laperladonosti\/?hl=es\",\"https:\/\/www.youtube.com\/channel\/UChQhp12N7Lg6ZrOcmAJAy4g\"]}]}<\/script>\n<!-- \/ Yoast SEO plugin. -->","yoast_head_json":{"title":"Hazte Socio Fin de Semana del gimnasio en Donostia | La Perla","description":"Si solo dispones del fin de semana puedres elegir la modalidad de Socio de Fin de Semana de tu gimnasio en San Sebasti\u00e1n. Festivos incluidos.","robots":{"index":"index","follow":"follow","max-snippet":"max-snippet:-1","max-image-preview":"max-image-preview:large","max-video-preview":"max-video-preview:-1"},"canonical":"https:\/\/la-perla.net\/fr\/produit\/socio-gym-fin-de-semana\/","og_locale":"fr_FR","og_type":"article","og_title":"Hazte Socio Fin de Semana del gimnasio en Donostia | La Perla","og_description":"Si solo dispones del fin de semana puedres elegir la modalidad de Socio de Fin de Semana de tu gimnasio en San Sebasti\u00e1n. Festivos incluidos.","og_url":"https:\/\/la-perla.net\/fr\/produit\/socio-gym-fin-de-semana\/","og_site_name":"Talasoterapia La Perla \u2022 San Sebasti\u00e1n - Donostia","article_publisher":"https:\/\/www.facebook.com\/laperladonosti\/","article_modified_time":"2025-02-25T12:02:32+00:00","og_image":[{"width":655,"height":437,"url":"https:\/\/la-perla.net\/wp-content\/uploads\/2017\/10\/gimnasio-fin-de-semana.jpg","type":"image\/jpeg"}],"twitter_card":"summary_large_image","twitter_site":"@LaPerlaDonosti","twitter_misc":{"Dur\u00e9e de lecture estim\u00e9e":"1 minute"},"schema":{"@context":"https:\/\/schema.org","@graph":[{"@type":"WebPage","@id":"https:\/\/la-perla.net\/fr\/produit\/socio-gym-fin-de-semana\/","url":"https:\/\/la-perla.net\/fr\/produit\/socio-gym-fin-de-semana\/","name":"Hazte Socio Fin de Semana del gimnasio en Donostia | La Perla","isPartOf":{"@id":"https:\/\/la-perla.net\/#website"},"primaryImageOfPage":{"@id":"https:\/\/la-perla.net\/fr\/produit\/socio-gym-fin-de-semana\/#primaryimage"},"image":{"@id":"https:\/\/la-perla.net\/fr\/produit\/socio-gym-fin-de-semana\/#primaryimage"},"thumbnailUrl":"https:\/\/la-perla.net\/wp-content\/uploads\/2017\/10\/gimnasio-fin-de-semana.jpg","datePublished":"2017-10-16T13:23:12+00:00","dateModified":"2025-02-25T12:02:32+00:00","description":"Si solo dispones del fin de semana puedres elegir la modalidad de Socio de Fin de Semana de tu gimnasio en San Sebasti\u00e1n. Festivos incluidos.","breadcrumb":{"@id":"https:\/\/la-perla.net\/fr\/produit\/socio-gym-fin-de-semana\/#breadcrumb"},"inLanguage":"fr-FR","potentialAction":[{"@type":"ReadAction","target":["https:\/\/la-perla.net\/fr\/produit\/socio-gym-fin-de-semana\/"]}]},{"@type":"ImageObject","inLanguage":"fr-FR","@id":"https:\/\/la-perla.net\/fr\/produit\/socio-gym-fin-de-semana\/#primaryimage","url":"https:\/\/la-perla.net\/wp-content\/uploads\/2017\/10\/gimnasio-fin-de-semana.jpg","contentUrl":"https:\/\/la-perla.net\/wp-content\/uploads\/2017\/10\/gimnasio-fin-de-semana.jpg","width":655,"height":437},{"@type":"BreadcrumbList","@id":"https:\/\/la-perla.net\/fr\/produit\/socio-gym-fin-de-semana\/#breadcrumb","itemListElement":[{"@type":"ListItem","position":1,"name":"Portada","item":"https:\/\/la-perla.net\/fr\/"},{"@type":"ListItem","position":2,"name":"Boutique","item":"https:\/\/la-perla.net\/fr\/boutique\/"},{"@type":"ListItem","position":3,"name":"Membre Gym le week-end"}]},{"@type":"WebSite","@id":"https:\/\/la-perla.net\/#website","url":"https:\/\/la-perla.net\/","name":"Talasoterapia La Perla \u2022 San Sebasti\u00e1n - Donostia","description":"Talasoterapia en Guipuzcoa - Centro de salud, belleza y deporte","publisher":{"@id":"https:\/\/la-perla.net\/#organization"},"potentialAction":[{"@type":"SearchAction","target":{"@type":"EntryPoint","urlTemplate":"https:\/\/la-perla.net\/?s={search_term_string}"},"query-input":{"@type":"PropertyValueSpecification","valueRequired":true,"valueName":"search_term_string"}}],"inLanguage":"fr-FR"},{"@type":"Organization","@id":"https:\/\/la-perla.net\/#organization","name":"La Perla","url":"https:\/\/la-perla.net\/","logo":{"@type":"ImageObject","inLanguage":"fr-FR","@id":"https:\/\/la-perla.net\/#\/schema\/logo\/image\/","url":"https:\/\/la-perla.net\/wp-content\/uploads\/2020\/09\/talasoterapia-la-perla.png","contentUrl":"https:\/\/la-perla.net\/wp-content\/uploads\/2020\/09\/talasoterapia-la-perla.png","width":191,"height":51,"caption":"La Perla"},"image":{"@id":"https:\/\/la-perla.net\/#\/schema\/logo\/image\/"},"sameAs":["https:\/\/www.facebook.com\/laperladonosti\/","https:\/\/x.com\/LaPerlaDonosti","https:\/\/www.instagram.com\/laperladonosti\/?hl=es","https:\/\/www.youtube.com\/channel\/UChQhp12N7Lg6ZrOcmAJAy4g"]}]}},"_links":{"self":[{"href":"https:\/\/la-perla.net\/fr\/wp-json\/wp\/v2\/product\/55317"}],"collection":[{"href":"https:\/\/la-perla.net\/fr\/wp-json\/wp\/v2\/product"}],"about":[{"href":"https:\/\/la-perla.net\/fr\/wp-json\/wp\/v2\/types\/product"}],"wp:featuredmedia":[{"embeddable":true,"href":"https:\/\/la-perla.net\/fr\/wp-json\/wp\/v2\/media\/137730"}],"wp:attachment":[{"href":"https:\/\/la-perla.net\/fr\/wp-json\/wp\/v2\/media?parent=55317"}],"wp:term":[{"taxonomy":"product_brand","embeddable":true,"href":"https:\/\/la-perla.net\/fr\/wp-json\/wp\/v2\/product_brand?post=55317"},{"taxonomy":"product_cat","embeddable":true,"href":"https:\/\/la-perla.net\/fr\/wp-json\/wp\/v2\/product_cat?post=55317"},{"taxonomy":"product_tag","embeddable":true,"href":"https:\/\/la-perla.net\/fr\/wp-json\/wp\/v2\/product_tag?post=55317"}],"curies":[{"name":"wp","href":"https:\/\/api.w.org\/{rel}","templated":true}]}}

<p>Adhérent à la salle de sport pour le week-end. Les samedis et jours fériés de 8h30 à 21h30, les dimanches de 8h30 à 20h30.</p>
<p>Installations avec accès direct à la plage et possibilité d&rsquo;entraînement en extérieur. Avec 6 espaces d&rsquo;entraînement équipés de poids libres, d&rsquo;équipements cardiovasculaires TechnoGym et de cours guidés (chorégraphie, tonification, haute intensité, étirements, etc.).</p>

<p>Abonnement à la salle de sport pour le week-end. Les samedis et jours fériés de 8h30 à 21h30, les dimanches de 8h30 à 20h30.<br />
Installations avec accès direct à la plage et possibilités d&rsquo;entraînement en plein air.</p>

<!-- This site is optimized with the Yoast SEO plugin v25.6 - https://yoast.com/wordpress/plugins/seo/ -->
<title>Hazte Socio Fin de Semana del gimnasio en Donostia | La Perla</title>
<meta name="description" content="Si solo dispones del fin de semana puedres elegir la modalidad de Socio de Fin de Semana de tu gimnasio en San Sebastián. Festivos incluidos." />
<meta name="robots" content="index, follow, max-snippet:-1, max-image-preview:large, max-video-preview:-1" />
<link rel="canonical" href="https://la-perla.net/fr/produit/socio-gym-fin-de-semana/" />
<meta property="og:locale" content="fr_FR" />
<meta property="og:type" content="article" />
<meta property="og:title" content="Hazte Socio Fin de Semana del gimnasio en Donostia | La Perla" />
<meta property="og:description" content="Si solo dispones del fin de semana puedres elegir la modalidad de Socio de Fin de Semana de tu gimnasio en San Sebastián. Festivos incluidos." />
<meta property="og:url" content="https://la-perla.net/fr/produit/socio-gym-fin-de-semana/" />
<meta property="og:site_name" content="Talasoterapia La Perla • San Sebastián - Donostia" />
<meta property="article:publisher" content="https://www.facebook.com/laperladonosti/" />
<meta property="article:modified_time" content="2025-02-25T12:02:32+00:00" />
<meta property="og:image" content="https://la-perla.net/wp-content/uploads/2017/10/gimnasio-fin-de-semana.jpg" />
	<meta property="og:image:width" content="655" />
	<meta property="og:image:height" content="437" />
	<meta property="og:image:type" content="image/jpeg" />
<meta name="twitter:card" content="summary_large_image" />
<meta name="twitter:site" content="@LaPerlaDonosti" />
<meta name="twitter:label1" content="Durée de lecture estimée" />
	<meta name="twitter:data1" content="1 minute" />
<script type="application/ld+json" class="yoast-schema-graph">{"@context":"https://schema.org","@graph":[{"@type":"WebPage","@id":"https://la-perla.net/fr/produit/socio-gym-fin-de-semana/","url":"https://la-perla.net/fr/produit/socio-gym-fin-de-semana/","name":"Hazte Socio Fin de Semana del gimnasio en Donostia | La Perla","isPartOf":{"@id":"https://la-perla.net/#website"},"primaryImageOfPage":{"@id":"https://la-perla.net/fr/produit/socio-gym-fin-de-semana/#primaryimage"},"image":{"@id":"https://la-perla.net/fr/produit/socio-gym-fin-de-semana/#primaryimage"},"thumbnailUrl":"https://la-perla.net/wp-content/uploads/2017/10/gimnasio-fin-de-semana.jpg","datePublished":"2017-10-16T13:23:12+00:00","dateModified":"2025-02-25T12:02:32+00:00","description":"Si solo dispones del fin de semana puedres elegir la modalidad de Socio de Fin de Semana de tu gimnasio en San Sebastián. Festivos incluidos.","breadcrumb":{"@id":"https://la-perla.net/fr/produit/socio-gym-fin-de-semana/#breadcrumb"},"inLanguage":"fr-FR","potentialAction":[{"@type":"ReadAction","target":["https://la-perla.net/fr/produit/socio-gym-fin-de-semana/"]}]},{"@type":"ImageObject","inLanguage":"fr-FR","@id":"https://la-perla.net/fr/produit/socio-gym-fin-de-semana/#primaryimage","url":"https://la-perla.net/wp-content/uploads/2017/10/gimnasio-fin-de-semana.jpg","contentUrl":"https://la-perla.net/wp-content/uploads/2017/10/gimnasio-fin-de-semana.jpg","width":655,"height":437},{"@type":"BreadcrumbList","@id":"https://la-perla.net/fr/produit/socio-gym-fin-de-semana/#breadcrumb","itemListElement":[{"@type":"ListItem","position":1,"name":"Portada","item":"https://la-perla.net/fr/"},{"@type":"ListItem","position":2,"name":"Boutique","item":"https://la-perla.net/fr/boutique/"},{"@type":"ListItem","position":3,"name":"Membre Gym le week-end"}]},{"@type":"WebSite","@id":"https://la-perla.net/#website","url":"https://la-perla.net/","name":"Talasoterapia La Perla • San Sebastián - Donostia","description":"Talasoterapia en Guipuzcoa - Centro de salud, belleza y deporte","publisher":{"@id":"https://la-perla.net/#organization"},"potentialAction":[{"@type":"SearchAction","target":{"@type":"EntryPoint","urlTemplate":"https://la-perla.net/?s={search_term_string}"},"query-input":{"@type":"PropertyValueSpecification","valueRequired":true,"valueName":"search_term_string"}}],"inLanguage":"fr-FR"},{"@type":"Organization","@id":"https://la-perla.net/#organization","name":"La Perla","url":"https://la-perla.net/","logo":{"@type":"ImageObject","inLanguage":"fr-FR","@id":"https://la-perla.net/#/schema/logo/image/","url":"https://la-perla.net/wp-content/uploads/2020/09/talasoterapia-la-perla.png","contentUrl":"https://la-perla.net/wp-content/uploads/2020/09/talasoterapia-la-perla.png","width":191,"height":51,"caption":"La Perla"},"image":{"@id":"https://la-perla.net/#/schema/logo/image/"},"sameAs":["https://www.facebook.com/laperladonosti/","https://x.com/LaPerlaDonosti","https://www.instagram.com/laperladonosti/?hl=es","https://www.youtube.com/channel/UChQhp12N7Lg6ZrOcmAJAy4g"]}]}</script>
<!-- / Yoast SEO plugin. -->

Si solo dispones del fin de semana puedres elegir la modalidad de Socio de Fin de Semana de tu gimnasio en San Sebastián. Festivos incluidos.

Talasoterapia La Perla • San Sebastián - Donostia
