{"id":55413,"date":"2016-01-28T12:19:39","date_gmt":"2016-01-28T11:19:39","guid":{"rendered":"https:\/\/laperla21.wpengine.com\/la-perla-salud-estetica\/massage-relaxant-la-perla\/"},"modified":"2025-06-20T08:48:40","modified_gmt":"2025-06-20T06:48:40","slug":"massage-relax-la-perla","status":"publish","type":"product","link":"https:\/\/la-perla.net\/fr\/produit\/massage-relax-la-perla\/","title":{"rendered":"Massage Relax \u00ab\u00a0La Perla\u00a0\u00bb"},"content":{"rendered":"<p>Bain d\u2019hydromassage \u00e0 l\u2019eau de mer dans une baignoire Niagara suivi d\u2019un doux massage relaxant de 40 minutes pour apaiser les tensions et combattre le stress. Indiqu\u00e9 pour une relaxation profonde du corps et l\u2019esprit. <\/p>\n<p>Dur\u00e9e : 55 minutes.<\/p>\n","protected":false},"excerpt":{"rendered":"<p>Bain relaxant \u00e0 l\u2019eau de mer + Massage Relaxant anti-stress 40 min.<\/p>\n","protected":false},"featured_media":87028,"template":"","meta":{"_genesis_hide_title":false,"_genesis_hide_breadcrumbs":false,"_genesis_hide_singular_image":false,"_genesis_hide_footer_widgets":false,"_genesis_custom_body_class":"","_genesis_custom_post_class":"","_genesis_layout":""},"product_brand":[],"product_cat":[922],"product_tag":[],"class_list":{"0":"post-55413","1":"product","2":"type-product","3":"status-publish","4":"has-post-thumbnail","6":"product_cat-massages-relaxants","7":"product_shipping_class-bonos-y-vales-fr","8":"entry","10":"first","11":"instock","12":"shipping-taxable","13":"purchasable","14":"product-type-simple"},"yoast_head":"<!-- This site is optimized with the Yoast SEO plugin v25.6 - https:\/\/yoast.com\/wordpress\/plugins\/seo\/ -->\n<title>Combattre le stress : bain hydromassant + massage relaxant avec aromath\u00e9rapie<\/title>\n<meta name=\"description\" content=\"Faites l&#039;exp\u00e9rience d&#039;une incroyable relaxation avec ce pack con\u00e7u pour vous : un Bain relaxant \u00e0 l&#039;eau de mer + un Massage relaxant \u00e0 l&#039;aromath\u00e9rapie Donostia\" \/>\n<meta name=\"robots\" content=\"index, follow, max-snippet:-1, max-image-preview:large, max-video-preview:-1\" \/>\n<link rel=\"canonical\" href=\"https:\/\/la-perla.net\/fr\/produit\/massage-relax-la-perla\/\" \/>\n<meta property=\"og:locale\" content=\"fr_FR\" \/>\n<meta property=\"og:type\" content=\"article\" \/>\n<meta property=\"og:title\" content=\"Combattre le stress : bain hydromassant + massage relaxant avec aromath\u00e9rapie\" \/>\n<meta property=\"og:description\" content=\"Faites l&#039;exp\u00e9rience d&#039;une incroyable relaxation avec ce pack con\u00e7u pour vous : un Bain relaxant \u00e0 l&#039;eau de mer + un Massage relaxant \u00e0 l&#039;aromath\u00e9rapie Donostia\" \/>\n<meta property=\"og:url\" content=\"https:\/\/la-perla.net\/fr\/produit\/massage-relax-la-perla\/\" \/>\n<meta property=\"og:site_name\" content=\"Talasoterapia La Perla \u2022 San Sebasti\u00e1n - Donostia\" \/>\n<meta property=\"article:publisher\" content=\"https:\/\/www.facebook.com\/laperladonosti\/\" \/>\n<meta property=\"article:modified_time\" content=\"2025-06-20T06:48:40+00:00\" \/>\n<meta property=\"og:image\" content=\"https:\/\/la-perla.net\/wp-content\/uploads\/2016\/01\/02_Relax-La-Perla.jpg\" \/>\n\t<meta property=\"og:image:width\" content=\"600\" \/>\n\t<meta property=\"og:image:height\" content=\"424\" \/>\n\t<meta property=\"og:image:type\" content=\"image\/jpeg\" \/>\n<meta name=\"twitter:card\" content=\"summary_large_image\" \/>\n<meta name=\"twitter:site\" content=\"@LaPerlaDonosti\" \/>\n<script type=\"application\/ld+json\" class=\"yoast-schema-graph\">{\"@context\":\"https:\/\/schema.org\",\"@graph\":[{\"@type\":\"WebPage\",\"@id\":\"https:\/\/la-perla.net\/fr\/produit\/massage-relax-la-perla\/\",\"url\":\"https:\/\/la-perla.net\/fr\/produit\/massage-relax-la-perla\/\",\"name\":\"Combattre le stress : bain hydromassant + massage relaxant avec aromath\u00e9rapie\",\"isPartOf\":{\"@id\":\"https:\/\/la-perla.net\/#website\"},\"primaryImageOfPage\":{\"@id\":\"https:\/\/la-perla.net\/fr\/produit\/massage-relax-la-perla\/#primaryimage\"},\"image\":{\"@id\":\"https:\/\/la-perla.net\/fr\/produit\/massage-relax-la-perla\/#primaryimage\"},\"thumbnailUrl\":\"https:\/\/la-perla.net\/wp-content\/uploads\/2016\/01\/02_Relax-La-Perla.jpg\",\"datePublished\":\"2016-01-28T11:19:39+00:00\",\"dateModified\":\"2025-06-20T06:48:40+00:00\",\"description\":\"Faites l'exp\u00e9rience d'une incroyable relaxation avec ce pack con\u00e7u pour vous : un Bain relaxant \u00e0 l'eau de mer + un Massage relaxant \u00e0 l'aromath\u00e9rapie Donostia\",\"breadcrumb\":{\"@id\":\"https:\/\/la-perla.net\/fr\/produit\/massage-relax-la-perla\/#breadcrumb\"},\"inLanguage\":\"fr-FR\",\"potentialAction\":[{\"@type\":\"ReadAction\",\"target\":[\"https:\/\/la-perla.net\/fr\/produit\/massage-relax-la-perla\/\"]}]},{\"@type\":\"ImageObject\",\"inLanguage\":\"fr-FR\",\"@id\":\"https:\/\/la-perla.net\/fr\/produit\/massage-relax-la-perla\/#primaryimage\",\"url\":\"https:\/\/la-perla.net\/wp-content\/uploads\/2016\/01\/02_Relax-La-Perla.jpg\",\"contentUrl\":\"https:\/\/la-perla.net\/wp-content\/uploads\/2016\/01\/02_Relax-La-Perla.jpg\",\"width\":600,\"height\":424},{\"@type\":\"BreadcrumbList\",\"@id\":\"https:\/\/la-perla.net\/fr\/produit\/massage-relax-la-perla\/#breadcrumb\",\"itemListElement\":[{\"@type\":\"ListItem\",\"position\":1,\"name\":\"Portada\",\"item\":\"https:\/\/la-perla.net\/fr\/\"},{\"@type\":\"ListItem\",\"position\":2,\"name\":\"Boutique\",\"item\":\"https:\/\/la-perla.net\/fr\/boutique\/\"},{\"@type\":\"ListItem\",\"position\":3,\"name\":\"Massage Relax \u00abLa Perla\u00bb\"}]},{\"@type\":\"WebSite\",\"@id\":\"https:\/\/la-perla.net\/#website\",\"url\":\"https:\/\/la-perla.net\/\",\"name\":\"Talasoterapia La Perla \u2022 San Sebasti\u00e1n - Donostia\",\"description\":\"Talasoterapia en Guipuzcoa - Centro de salud, belleza y deporte\",\"publisher\":{\"@id\":\"https:\/\/la-perla.net\/#organization\"},\"potentialAction\":[{\"@type\":\"SearchAction\",\"target\":{\"@type\":\"EntryPoint\",\"urlTemplate\":\"https:\/\/la-perla.net\/?s={search_term_string}\"},\"query-input\":{\"@type\":\"PropertyValueSpecification\",\"valueRequired\":true,\"valueName\":\"search_term_string\"}}],\"inLanguage\":\"fr-FR\"},{\"@type\":\"Organization\",\"@id\":\"https:\/\/la-perla.net\/#organization\",\"name\":\"La Perla\",\"url\":\"https:\/\/la-perla.net\/\",\"logo\":{\"@type\":\"ImageObject\",\"inLanguage\":\"fr-FR\",\"@id\":\"https:\/\/la-perla.net\/#\/schema\/logo\/image\/\",\"url\":\"https:\/\/la-perla.net\/wp-content\/uploads\/2020\/09\/talasoterapia-la-perla.png\",\"contentUrl\":\"https:\/\/la-perla.net\/wp-content\/uploads\/2020\/09\/talasoterapia-la-perla.png\",\"width\":191,\"height\":51,\"caption\":\"La Perla\"},\"image\":{\"@id\":\"https:\/\/la-perla.net\/#\/schema\/logo\/image\/\"},\"sameAs\":[\"https:\/\/www.facebook.com\/laperladonosti\/\",\"https:\/\/x.com\/LaPerlaDonosti\",\"https:\/\/www.instagram.com\/laperladonosti\/?hl=es\",\"https:\/\/www.youtube.com\/channel\/UChQhp12N7Lg6ZrOcmAJAy4g\"]}]}<\/script>\n<!-- \/ Yoast SEO plugin. -->","yoast_head_json":{"title":"Combattre le stress : bain hydromassant + massage relaxant avec aromath\u00e9rapie","description":"Faites l'exp\u00e9rience d'une incroyable relaxation avec ce pack con\u00e7u pour vous : un Bain relaxant \u00e0 l'eau de mer + un Massage relaxant \u00e0 l'aromath\u00e9rapie Donostia","robots":{"index":"index","follow":"follow","max-snippet":"max-snippet:-1","max-image-preview":"max-image-preview:large","max-video-preview":"max-video-preview:-1"},"canonical":"https:\/\/la-perla.net\/fr\/produit\/massage-relax-la-perla\/","og_locale":"fr_FR","og_type":"article","og_title":"Combattre le stress : bain hydromassant + massage relaxant avec aromath\u00e9rapie","og_description":"Faites l'exp\u00e9rience d'une incroyable relaxation avec ce pack con\u00e7u pour vous : un Bain relaxant \u00e0 l'eau de mer + un Massage relaxant \u00e0 l'aromath\u00e9rapie Donostia","og_url":"https:\/\/la-perla.net\/fr\/produit\/massage-relax-la-perla\/","og_site_name":"Talasoterapia La Perla \u2022 San Sebasti\u00e1n - Donostia","article_publisher":"https:\/\/www.facebook.com\/laperladonosti\/","article_modified_time":"2025-06-20T06:48:40+00:00","og_image":[{"width":600,"height":424,"url":"https:\/\/la-perla.net\/wp-content\/uploads\/2016\/01\/02_Relax-La-Perla.jpg","type":"image\/jpeg"}],"twitter_card":"summary_large_image","twitter_site":"@LaPerlaDonosti","schema":{"@context":"https:\/\/schema.org","@graph":[{"@type":"WebPage","@id":"https:\/\/la-perla.net\/fr\/produit\/massage-relax-la-perla\/","url":"https:\/\/la-perla.net\/fr\/produit\/massage-relax-la-perla\/","name":"Combattre le stress : bain hydromassant + massage relaxant avec aromath\u00e9rapie","isPartOf":{"@id":"https:\/\/la-perla.net\/#website"},"primaryImageOfPage":{"@id":"https:\/\/la-perla.net\/fr\/produit\/massage-relax-la-perla\/#primaryimage"},"image":{"@id":"https:\/\/la-perla.net\/fr\/produit\/massage-relax-la-perla\/#primaryimage"},"thumbnailUrl":"https:\/\/la-perla.net\/wp-content\/uploads\/2016\/01\/02_Relax-La-Perla.jpg","datePublished":"2016-01-28T11:19:39+00:00","dateModified":"2025-06-20T06:48:40+00:00","description":"Faites l'exp\u00e9rience d'une incroyable relaxation avec ce pack con\u00e7u pour vous : un Bain relaxant \u00e0 l'eau de mer + un Massage relaxant \u00e0 l'aromath\u00e9rapie Donostia","breadcrumb":{"@id":"https:\/\/la-perla.net\/fr\/produit\/massage-relax-la-perla\/#breadcrumb"},"inLanguage":"fr-FR","potentialAction":[{"@type":"ReadAction","target":["https:\/\/la-perla.net\/fr\/produit\/massage-relax-la-perla\/"]}]},{"@type":"ImageObject","inLanguage":"fr-FR","@id":"https:\/\/la-perla.net\/fr\/produit\/massage-relax-la-perla\/#primaryimage","url":"https:\/\/la-perla.net\/wp-content\/uploads\/2016\/01\/02_Relax-La-Perla.jpg","contentUrl":"https:\/\/la-perla.net\/wp-content\/uploads\/2016\/01\/02_Relax-La-Perla.jpg","width":600,"height":424},{"@type":"BreadcrumbList","@id":"https:\/\/la-perla.net\/fr\/produit\/massage-relax-la-perla\/#breadcrumb","itemListElement":[{"@type":"ListItem","position":1,"name":"Portada","item":"https:\/\/la-perla.net\/fr\/"},{"@type":"ListItem","position":2,"name":"Boutique","item":"https:\/\/la-perla.net\/fr\/boutique\/"},{"@type":"ListItem","position":3,"name":"Massage Relax \u00abLa Perla\u00bb"}]},{"@type":"WebSite","@id":"https:\/\/la-perla.net\/#website","url":"https:\/\/la-perla.net\/","name":"Talasoterapia La Perla \u2022 San Sebasti\u00e1n - Donostia","description":"Talasoterapia en Guipuzcoa - Centro de salud, belleza y deporte","publisher":{"@id":"https:\/\/la-perla.net\/#organization"},"potentialAction":[{"@type":"SearchAction","target":{"@type":"EntryPoint","urlTemplate":"https:\/\/la-perla.net\/?s={search_term_string}"},"query-input":{"@type":"PropertyValueSpecification","valueRequired":true,"valueName":"search_term_string"}}],"inLanguage":"fr-FR"},{"@type":"Organization","@id":"https:\/\/la-perla.net\/#organization","name":"La Perla","url":"https:\/\/la-perla.net\/","logo":{"@type":"ImageObject","inLanguage":"fr-FR","@id":"https:\/\/la-perla.net\/#\/schema\/logo\/image\/","url":"https:\/\/la-perla.net\/wp-content\/uploads\/2020\/09\/talasoterapia-la-perla.png","contentUrl":"https:\/\/la-perla.net\/wp-content\/uploads\/2020\/09\/talasoterapia-la-perla.png","width":191,"height":51,"caption":"La Perla"},"image":{"@id":"https:\/\/la-perla.net\/#\/schema\/logo\/image\/"},"sameAs":["https:\/\/www.facebook.com\/laperladonosti\/","https:\/\/x.com\/LaPerlaDonosti","https:\/\/www.instagram.com\/laperladonosti\/?hl=es","https:\/\/www.youtube.com\/channel\/UChQhp12N7Lg6ZrOcmAJAy4g"]}]}},"_links":{"self":[{"href":"https:\/\/la-perla.net\/fr\/wp-json\/wp\/v2\/product\/55413"}],"collection":[{"href":"https:\/\/la-perla.net\/fr\/wp-json\/wp\/v2\/product"}],"about":[{"href":"https:\/\/la-perla.net\/fr\/wp-json\/wp\/v2\/types\/product"}],"wp:featuredmedia":[{"embeddable":true,"href":"https:\/\/la-perla.net\/fr\/wp-json\/wp\/v2\/media\/87028"}],"wp:attachment":[{"href":"https:\/\/la-perla.net\/fr\/wp-json\/wp\/v2\/media?parent=55413"}],"wp:term":[{"taxonomy":"product_brand","embeddable":true,"href":"https:\/\/la-perla.net\/fr\/wp-json\/wp\/v2\/product_brand?post=55413"},{"taxonomy":"product_cat","embeddable":true,"href":"https:\/\/la-perla.net\/fr\/wp-json\/wp\/v2\/product_cat?post=55413"},{"taxonomy":"product_tag","embeddable":true,"href":"https:\/\/la-perla.net\/fr\/wp-json\/wp\/v2\/product_tag?post=55413"}],"curies":[{"name":"wp","href":"https:\/\/api.w.org\/{rel}","templated":true}]}}

<p>Bain d’hydromassage à l’eau de mer dans une baignoire Niagara suivi d’un doux massage relaxant de 40 minutes pour apaiser les tensions et combattre le stress. Indiqué pour une relaxation profonde du corps et l’esprit. </p>
<p>Durée : 55 minutes.</p>

<p>Bain relaxant à l’eau de mer + Massage Relaxant anti-stress 40 min.</p>

<!-- This site is optimized with the Yoast SEO plugin v25.6 - https://yoast.com/wordpress/plugins/seo/ -->
<title>Combattre le stress : bain hydromassant + massage relaxant avec aromathérapie</title>
<meta name="description" content="Faites l&#039;expérience d&#039;une incroyable relaxation avec ce pack conçu pour vous : un Bain relaxant à l&#039;eau de mer + un Massage relaxant à l&#039;aromathérapie Donostia" />
<meta name="robots" content="index, follow, max-snippet:-1, max-image-preview:large, max-video-preview:-1" />
<link rel="canonical" href="https://la-perla.net/fr/produit/massage-relax-la-perla/" />
<meta property="og:locale" content="fr_FR" />
<meta property="og:type" content="article" />
<meta property="og:title" content="Combattre le stress : bain hydromassant + massage relaxant avec aromathérapie" />
<meta property="og:description" content="Faites l&#039;expérience d&#039;une incroyable relaxation avec ce pack conçu pour vous : un Bain relaxant à l&#039;eau de mer + un Massage relaxant à l&#039;aromathérapie Donostia" />
<meta property="og:url" content="https://la-perla.net/fr/produit/massage-relax-la-perla/" />
<meta property="og:site_name" content="Talasoterapia La Perla • San Sebastián - Donostia" />
<meta property="article:publisher" content="https://www.facebook.com/laperladonosti/" />
<meta property="article:modified_time" content="2025-06-20T06:48:40+00:00" />
<meta property="og:image" content="https://la-perla.net/wp-content/uploads/2016/01/02_Relax-La-Perla.jpg" />
	<meta property="og:image:width" content="600" />
	<meta property="og:image:height" content="424" />
	<meta property="og:image:type" content="image/jpeg" />
<meta name="twitter:card" content="summary_large_image" />
<meta name="twitter:site" content="@LaPerlaDonosti" />
<script type="application/ld+json" class="yoast-schema-graph">{"@context":"https://schema.org","@graph":[{"@type":"WebPage","@id":"https://la-perla.net/fr/produit/massage-relax-la-perla/","url":"https://la-perla.net/fr/produit/massage-relax-la-perla/","name":"Combattre le stress : bain hydromassant + massage relaxant avec aromathérapie","isPartOf":{"@id":"https://la-perla.net/#website"},"primaryImageOfPage":{"@id":"https://la-perla.net/fr/produit/massage-relax-la-perla/#primaryimage"},"image":{"@id":"https://la-perla.net/fr/produit/massage-relax-la-perla/#primaryimage"},"thumbnailUrl":"https://la-perla.net/wp-content/uploads/2016/01/02_Relax-La-Perla.jpg","datePublished":"2016-01-28T11:19:39+00:00","dateModified":"2025-06-20T06:48:40+00:00","description":"Faites l'expérience d'une incroyable relaxation avec ce pack conçu pour vous : un Bain relaxant à l'eau de mer + un Massage relaxant à l'aromathérapie Donostia","breadcrumb":{"@id":"https://la-perla.net/fr/produit/massage-relax-la-perla/#breadcrumb"},"inLanguage":"fr-FR","potentialAction":[{"@type":"ReadAction","target":["https://la-perla.net/fr/produit/massage-relax-la-perla/"]}]},{"@type":"ImageObject","inLanguage":"fr-FR","@id":"https://la-perla.net/fr/produit/massage-relax-la-perla/#primaryimage","url":"https://la-perla.net/wp-content/uploads/2016/01/02_Relax-La-Perla.jpg","contentUrl":"https://la-perla.net/wp-content/uploads/2016/01/02_Relax-La-Perla.jpg","width":600,"height":424},{"@type":"BreadcrumbList","@id":"https://la-perla.net/fr/produit/massage-relax-la-perla/#breadcrumb","itemListElement":[{"@type":"ListItem","position":1,"name":"Portada","item":"https://la-perla.net/fr/"},{"@type":"ListItem","position":2,"name":"Boutique","item":"https://la-perla.net/fr/boutique/"},{"@type":"ListItem","position":3,"name":"Massage Relax «La Perla»"}]},{"@type":"WebSite","@id":"https://la-perla.net/#website","url":"https://la-perla.net/","name":"Talasoterapia La Perla • San Sebastián - Donostia","description":"Talasoterapia en Guipuzcoa - Centro de salud, belleza y deporte","publisher":{"@id":"https://la-perla.net/#organization"},"potentialAction":[{"@type":"SearchAction","target":{"@type":"EntryPoint","urlTemplate":"https://la-perla.net/?s={search_term_string}"},"query-input":{"@type":"PropertyValueSpecification","valueRequired":true,"valueName":"search_term_string"}}],"inLanguage":"fr-FR"},{"@type":"Organization","@id":"https://la-perla.net/#organization","name":"La Perla","url":"https://la-perla.net/","logo":{"@type":"ImageObject","inLanguage":"fr-FR","@id":"https://la-perla.net/#/schema/logo/image/","url":"https://la-perla.net/wp-content/uploads/2020/09/talasoterapia-la-perla.png","contentUrl":"https://la-perla.net/wp-content/uploads/2020/09/talasoterapia-la-perla.png","width":191,"height":51,"caption":"La Perla"},"image":{"@id":"https://la-perla.net/#/schema/logo/image/"},"sameAs":["https://www.facebook.com/laperladonosti/","https://x.com/LaPerlaDonosti","https://www.instagram.com/laperladonosti/?hl=es","https://www.youtube.com/channel/UChQhp12N7Lg6ZrOcmAJAy4g"]}]}</script>
<!-- / Yoast SEO plugin. -->

Combattre le stress : bain hydromassant + massage relaxant avec aromathérapie

Faites l'expérience d'une incroyable relaxation avec ce pack conçu pour vous : un Bain relaxant à l'eau de mer + un Massage relaxant à l'aromathérapie Donostia

Talasoterapia La Perla • San Sebastián - Donostia
