{"id":71673,"date":"2021-08-11T10:21:49","date_gmt":"2021-08-11T08:21:49","guid":{"rendered":"https:\/\/la-perla.net\/san-sebastian\/diamond-cocoon-sheer-cream\/"},"modified":"2025-12-01T23:00:21","modified_gmt":"2025-12-01T22:00:21","slug":"diamond-cocoon-sheer-cream-spf-30-pa","status":"publish","type":"product","link":"https:\/\/la-perla.net\/fr\/produit\/diamond-cocoon-sheer-cream-spf-30-pa\/","title":{"rendered":"Diamond Cocoon Sheer Cream SPF 30 PA++"},"content":{"rendered":"<p><strong>C\u00d3MO SE USA<\/strong><br \/>\nTras tu ritual de limpieza y el s\u00e9rum, aplica la crema con suavidad con las yemas de los dedos sobre rostro, cuello y escote. Masajea suavemente hasta su completa absorci\u00f3n.<\/p>\n<p><strong>BEAUTY TIPS<\/strong><\/p>\n<ul>\n<li>Sus pigmentos naturales se adaptan al tono de tu piel, convirtiendo esta crema en un perfecto sustituto del maquillaje por su capacidad para difuminar las imperfecciones.<\/li>\n<\/ul>\n<ul>\n<li>Aunque es una crema de d\u00eda, su extraordinario poder iluminador la convierte, por las noches, en el aliado perfecto de las pieles amantes de las bases ligeras que buscan un tono uniforme.<\/li>\n<\/ul>\n<ul>\n<li>Se puede utilizar antes de la base de maquillaje para un efecto m\u00e1s sofisticado.<\/li>\n<\/ul>\n","protected":false},"excerpt":{"rendered":"<p><strong>Hidrataci\u00f3n, protecci\u00f3n y color en un solo gesto<\/strong><\/p>\n<p>Disfrutar de una piel el\u00e1stica, luminosa y con un tono uniforme es posible gracias a esta innovadora f\u00f3rmula. Dise\u00f1ada para prevenir los signos de la edad causados por la poluci\u00f3n moderna, la luz azul y la radiaci\u00f3n solar, esta crema repara, hidrata, fortifica y protege a la vez que aporta un toque natural de color, que se adapta a cada tipo de piel, para perfeccionar, unificar y difuminar imperfecciones, revelando una tez espl\u00e9ndida.<\/p>\n<p>50 ml<\/p>\n","protected":false},"featured_media":64682,"template":"","meta":{"_genesis_hide_title":false,"_genesis_hide_breadcrumbs":false,"_genesis_hide_singular_image":false,"_genesis_hide_footer_widgets":false,"_genesis_custom_body_class":"","_genesis_custom_post_class":"","_genesis_layout":""},"product_brand":[],"product_cat":[1050],"product_tag":[],"class_list":{"0":"post-71673","1":"product","2":"type-product","3":"status-publish","4":"has-post-thumbnail","6":"product_cat-natura-bisse-cremas-fr","7":"entry","9":"first","10":"instock","11":"purchasable","12":"product-type-simple"},"yoast_head":"<!-- This site is optimized with the Yoast SEO plugin v25.6 - https:\/\/yoast.com\/wordpress\/plugins\/seo\/ -->\n<title>Diamond Cocoon Sheer Cream SPF 30 PA+ \u2022 La Perla<\/title>\n<meta name=\"description\" content=\"Prot\u00e9gez et embellissez votre peau avec Diamond Cocoon Sheer Cream SPF 30. D\u00e9couvrez une cr\u00e8me l\u00e9g\u00e8re qui apporte hydratation, protection solaire et couleur.\" \/>\n<meta name=\"robots\" content=\"index, follow, max-snippet:-1, max-image-preview:large, max-video-preview:-1\" \/>\n<link rel=\"canonical\" href=\"https:\/\/la-perla.net\/produit\/diamond-cocoon-sheer-cream-spf-30-pa\/\" \/>\n<meta property=\"og:locale\" content=\"fr_FR\" \/>\n<meta property=\"og:type\" content=\"article\" \/>\n<meta property=\"og:title\" content=\"Diamond Cocoon Sheer Cream SPF 30 PA+ \u2022 La Perla\" \/>\n<meta property=\"og:description\" content=\"Prot\u00e9gez et embellissez votre peau avec Diamond Cocoon Sheer Cream SPF 30. D\u00e9couvrez une cr\u00e8me l\u00e9g\u00e8re qui apporte hydratation, protection solaire et couleur.\" \/>\n<meta property=\"og:url\" content=\"https:\/\/la-perla.net\/produit\/diamond-cocoon-sheer-cream-spf-30-pa\/\" \/>\n<meta property=\"og:site_name\" content=\"Talasoterapia La Perla \u2022 San Sebasti\u00e1n - Donostia\" \/>\n<meta property=\"article:publisher\" content=\"https:\/\/www.facebook.com\/laperladonosti\/\" \/>\n<meta property=\"article:modified_time\" content=\"2025-12-01T22:00:21+00:00\" \/>\n<meta property=\"og:image\" content=\"https:\/\/la-perla.net\/wp-content\/uploads\/2020\/11\/cocoon-sheer-crema-spf30.jpg\" \/>\n\t<meta property=\"og:image:width\" content=\"1701\" \/>\n\t<meta property=\"og:image:height\" content=\"1417\" \/>\n\t<meta property=\"og:image:type\" content=\"image\/jpeg\" \/>\n<meta name=\"twitter:card\" content=\"summary_large_image\" \/>\n<meta name=\"twitter:site\" content=\"@LaPerlaDonosti\" \/>\n<meta name=\"twitter:label1\" content=\"Dur\u00e9e de lecture estim\u00e9e\" \/>\n\t<meta name=\"twitter:data1\" content=\"1 minute\" \/>\n<script type=\"application\/ld+json\" class=\"yoast-schema-graph\">{\"@context\":\"https:\/\/schema.org\",\"@graph\":[{\"@type\":\"WebPage\",\"@id\":\"https:\/\/la-perla.net\/produit\/diamond-cocoon-sheer-cream-spf-30-pa\/\",\"url\":\"https:\/\/la-perla.net\/produit\/diamond-cocoon-sheer-cream-spf-30-pa\/\",\"name\":\"Diamond Cocoon Sheer Cream SPF 30 PA+ \u2022 La Perla\",\"isPartOf\":{\"@id\":\"https:\/\/la-perla.net\/#website\"},\"primaryImageOfPage\":{\"@id\":\"https:\/\/la-perla.net\/produit\/diamond-cocoon-sheer-cream-spf-30-pa\/#primaryimage\"},\"image\":{\"@id\":\"https:\/\/la-perla.net\/produit\/diamond-cocoon-sheer-cream-spf-30-pa\/#primaryimage\"},\"thumbnailUrl\":\"https:\/\/la-perla.net\/wp-content\/uploads\/2020\/11\/cocoon-sheer-crema-spf30.jpg\",\"datePublished\":\"2021-08-11T08:21:49+00:00\",\"dateModified\":\"2025-12-01T22:00:21+00:00\",\"description\":\"Prot\u00e9gez et embellissez votre peau avec Diamond Cocoon Sheer Cream SPF 30. D\u00e9couvrez une cr\u00e8me l\u00e9g\u00e8re qui apporte hydratation, protection solaire et couleur.\",\"breadcrumb\":{\"@id\":\"https:\/\/la-perla.net\/produit\/diamond-cocoon-sheer-cream-spf-30-pa\/#breadcrumb\"},\"inLanguage\":\"fr-FR\",\"potentialAction\":[{\"@type\":\"ReadAction\",\"target\":[\"https:\/\/la-perla.net\/produit\/diamond-cocoon-sheer-cream-spf-30-pa\/\"]}]},{\"@type\":\"ImageObject\",\"inLanguage\":\"fr-FR\",\"@id\":\"https:\/\/la-perla.net\/produit\/diamond-cocoon-sheer-cream-spf-30-pa\/#primaryimage\",\"url\":\"https:\/\/la-perla.net\/wp-content\/uploads\/2020\/11\/cocoon-sheer-crema-spf30.jpg\",\"contentUrl\":\"https:\/\/la-perla.net\/wp-content\/uploads\/2020\/11\/cocoon-sheer-crema-spf30.jpg\",\"width\":1701,\"height\":1417,\"caption\":\"Diamond Cocoon Sheer Cream\"},{\"@type\":\"BreadcrumbList\",\"@id\":\"https:\/\/la-perla.net\/produit\/diamond-cocoon-sheer-cream-spf-30-pa\/#breadcrumb\",\"itemListElement\":[{\"@type\":\"ListItem\",\"position\":1,\"name\":\"Portada\",\"item\":\"https:\/\/la-perla.net\/fr\/\"},{\"@type\":\"ListItem\",\"position\":2,\"name\":\"Boutique\",\"item\":\"https:\/\/la-perla.net\/fr\/boutique\/\"},{\"@type\":\"ListItem\",\"position\":3,\"name\":\"Diamond Cocoon Sheer Cream SPF 30 PA++\"}]},{\"@type\":\"WebSite\",\"@id\":\"https:\/\/la-perla.net\/#website\",\"url\":\"https:\/\/la-perla.net\/\",\"name\":\"Talasoterapia La Perla \u2022 San Sebasti\u00e1n - Donostia\",\"description\":\"Talasoterapia en Guipuzcoa - Centro de salud, belleza y deporte\",\"publisher\":{\"@id\":\"https:\/\/la-perla.net\/#organization\"},\"potentialAction\":[{\"@type\":\"SearchAction\",\"target\":{\"@type\":\"EntryPoint\",\"urlTemplate\":\"https:\/\/la-perla.net\/?s={search_term_string}\"},\"query-input\":{\"@type\":\"PropertyValueSpecification\",\"valueRequired\":true,\"valueName\":\"search_term_string\"}}],\"inLanguage\":\"fr-FR\"},{\"@type\":\"Organization\",\"@id\":\"https:\/\/la-perla.net\/#organization\",\"name\":\"La Perla\",\"url\":\"https:\/\/la-perla.net\/\",\"logo\":{\"@type\":\"ImageObject\",\"inLanguage\":\"fr-FR\",\"@id\":\"https:\/\/la-perla.net\/#\/schema\/logo\/image\/\",\"url\":\"https:\/\/la-perla.net\/wp-content\/uploads\/2020\/09\/talasoterapia-la-perla.png\",\"contentUrl\":\"https:\/\/la-perla.net\/wp-content\/uploads\/2020\/09\/talasoterapia-la-perla.png\",\"width\":191,\"height\":51,\"caption\":\"La Perla\"},\"image\":{\"@id\":\"https:\/\/la-perla.net\/#\/schema\/logo\/image\/\"},\"sameAs\":[\"https:\/\/www.facebook.com\/laperladonosti\/\",\"https:\/\/x.com\/LaPerlaDonosti\",\"https:\/\/www.instagram.com\/laperladonosti\/?hl=es\",\"https:\/\/www.youtube.com\/channel\/UChQhp12N7Lg6ZrOcmAJAy4g\"]}]}<\/script>\n<!-- \/ Yoast SEO plugin. -->","yoast_head_json":{"title":"Diamond Cocoon Sheer Cream SPF 30 PA+ \u2022 La Perla","description":"Prot\u00e9gez et embellissez votre peau avec Diamond Cocoon Sheer Cream SPF 30. D\u00e9couvrez une cr\u00e8me l\u00e9g\u00e8re qui apporte hydratation, protection solaire et couleur.","robots":{"index":"index","follow":"follow","max-snippet":"max-snippet:-1","max-image-preview":"max-image-preview:large","max-video-preview":"max-video-preview:-1"},"canonical":"https:\/\/la-perla.net\/produit\/diamond-cocoon-sheer-cream-spf-30-pa\/","og_locale":"fr_FR","og_type":"article","og_title":"Diamond Cocoon Sheer Cream SPF 30 PA+ \u2022 La Perla","og_description":"Prot\u00e9gez et embellissez votre peau avec Diamond Cocoon Sheer Cream SPF 30. D\u00e9couvrez une cr\u00e8me l\u00e9g\u00e8re qui apporte hydratation, protection solaire et couleur.","og_url":"https:\/\/la-perla.net\/produit\/diamond-cocoon-sheer-cream-spf-30-pa\/","og_site_name":"Talasoterapia La Perla \u2022 San Sebasti\u00e1n - Donostia","article_publisher":"https:\/\/www.facebook.com\/laperladonosti\/","article_modified_time":"2025-12-01T22:00:21+00:00","og_image":[{"width":1701,"height":1417,"url":"https:\/\/la-perla.net\/wp-content\/uploads\/2020\/11\/cocoon-sheer-crema-spf30.jpg","type":"image\/jpeg"}],"twitter_card":"summary_large_image","twitter_site":"@LaPerlaDonosti","twitter_misc":{"Dur\u00e9e de lecture estim\u00e9e":"1 minute"},"schema":{"@context":"https:\/\/schema.org","@graph":[{"@type":"WebPage","@id":"https:\/\/la-perla.net\/produit\/diamond-cocoon-sheer-cream-spf-30-pa\/","url":"https:\/\/la-perla.net\/produit\/diamond-cocoon-sheer-cream-spf-30-pa\/","name":"Diamond Cocoon Sheer Cream SPF 30 PA+ \u2022 La Perla","isPartOf":{"@id":"https:\/\/la-perla.net\/#website"},"primaryImageOfPage":{"@id":"https:\/\/la-perla.net\/produit\/diamond-cocoon-sheer-cream-spf-30-pa\/#primaryimage"},"image":{"@id":"https:\/\/la-perla.net\/produit\/diamond-cocoon-sheer-cream-spf-30-pa\/#primaryimage"},"thumbnailUrl":"https:\/\/la-perla.net\/wp-content\/uploads\/2020\/11\/cocoon-sheer-crema-spf30.jpg","datePublished":"2021-08-11T08:21:49+00:00","dateModified":"2025-12-01T22:00:21+00:00","description":"Prot\u00e9gez et embellissez votre peau avec Diamond Cocoon Sheer Cream SPF 30. D\u00e9couvrez une cr\u00e8me l\u00e9g\u00e8re qui apporte hydratation, protection solaire et couleur.","breadcrumb":{"@id":"https:\/\/la-perla.net\/produit\/diamond-cocoon-sheer-cream-spf-30-pa\/#breadcrumb"},"inLanguage":"fr-FR","potentialAction":[{"@type":"ReadAction","target":["https:\/\/la-perla.net\/produit\/diamond-cocoon-sheer-cream-spf-30-pa\/"]}]},{"@type":"ImageObject","inLanguage":"fr-FR","@id":"https:\/\/la-perla.net\/produit\/diamond-cocoon-sheer-cream-spf-30-pa\/#primaryimage","url":"https:\/\/la-perla.net\/wp-content\/uploads\/2020\/11\/cocoon-sheer-crema-spf30.jpg","contentUrl":"https:\/\/la-perla.net\/wp-content\/uploads\/2020\/11\/cocoon-sheer-crema-spf30.jpg","width":1701,"height":1417,"caption":"Diamond Cocoon Sheer Cream"},{"@type":"BreadcrumbList","@id":"https:\/\/la-perla.net\/produit\/diamond-cocoon-sheer-cream-spf-30-pa\/#breadcrumb","itemListElement":[{"@type":"ListItem","position":1,"name":"Portada","item":"https:\/\/la-perla.net\/fr\/"},{"@type":"ListItem","position":2,"name":"Boutique","item":"https:\/\/la-perla.net\/fr\/boutique\/"},{"@type":"ListItem","position":3,"name":"Diamond Cocoon Sheer Cream SPF 30 PA++"}]},{"@type":"WebSite","@id":"https:\/\/la-perla.net\/#website","url":"https:\/\/la-perla.net\/","name":"Talasoterapia La Perla \u2022 San Sebasti\u00e1n - Donostia","description":"Talasoterapia en Guipuzcoa - Centro de salud, belleza y deporte","publisher":{"@id":"https:\/\/la-perla.net\/#organization"},"potentialAction":[{"@type":"SearchAction","target":{"@type":"EntryPoint","urlTemplate":"https:\/\/la-perla.net\/?s={search_term_string}"},"query-input":{"@type":"PropertyValueSpecification","valueRequired":true,"valueName":"search_term_string"}}],"inLanguage":"fr-FR"},{"@type":"Organization","@id":"https:\/\/la-perla.net\/#organization","name":"La Perla","url":"https:\/\/la-perla.net\/","logo":{"@type":"ImageObject","inLanguage":"fr-FR","@id":"https:\/\/la-perla.net\/#\/schema\/logo\/image\/","url":"https:\/\/la-perla.net\/wp-content\/uploads\/2020\/09\/talasoterapia-la-perla.png","contentUrl":"https:\/\/la-perla.net\/wp-content\/uploads\/2020\/09\/talasoterapia-la-perla.png","width":191,"height":51,"caption":"La Perla"},"image":{"@id":"https:\/\/la-perla.net\/#\/schema\/logo\/image\/"},"sameAs":["https:\/\/www.facebook.com\/laperladonosti\/","https:\/\/x.com\/LaPerlaDonosti","https:\/\/www.instagram.com\/laperladonosti\/?hl=es","https:\/\/www.youtube.com\/channel\/UChQhp12N7Lg6ZrOcmAJAy4g"]}]}},"_links":{"self":[{"href":"https:\/\/la-perla.net\/fr\/wp-json\/wp\/v2\/product\/71673"}],"collection":[{"href":"https:\/\/la-perla.net\/fr\/wp-json\/wp\/v2\/product"}],"about":[{"href":"https:\/\/la-perla.net\/fr\/wp-json\/wp\/v2\/types\/product"}],"wp:featuredmedia":[{"embeddable":true,"href":"https:\/\/la-perla.net\/fr\/wp-json\/wp\/v2\/media\/64682"}],"wp:attachment":[{"href":"https:\/\/la-perla.net\/fr\/wp-json\/wp\/v2\/media?parent=71673"}],"wp:term":[{"taxonomy":"product_brand","embeddable":true,"href":"https:\/\/la-perla.net\/fr\/wp-json\/wp\/v2\/product_brand?post=71673"},{"taxonomy":"product_cat","embeddable":true,"href":"https:\/\/la-perla.net\/fr\/wp-json\/wp\/v2\/product_cat?post=71673"},{"taxonomy":"product_tag","embeddable":true,"href":"https:\/\/la-perla.net\/fr\/wp-json\/wp\/v2\/product_tag?post=71673"}],"curies":[{"name":"wp","href":"https:\/\/api.w.org\/{rel}","templated":true}]}}

<p><strong>CÓMO SE USA</strong><br />
Tras tu ritual de limpieza y el sérum, aplica la crema con suavidad con las yemas de los dedos sobre rostro, cuello y escote. Masajea suavemente hasta su completa absorción.</p>
<p><strong>BEAUTY TIPS</strong></p>
<ul>
<li>Sus pigmentos naturales se adaptan al tono de tu piel, convirtiendo esta crema en un perfecto sustituto del maquillaje por su capacidad para difuminar las imperfecciones.</li>
</ul>
<ul>
<li>Aunque es una crema de día, su extraordinario poder iluminador la convierte, por las noches, en el aliado perfecto de las pieles amantes de las bases ligeras que buscan un tono uniforme.</li>
</ul>
<ul>
<li>Se puede utilizar antes de la base de maquillaje para un efecto más sofisticado.</li>
</ul>

<p><strong>Hidratación, protección y color en un solo gesto</strong></p>
<p>Disfrutar de una piel elástica, luminosa y con un tono uniforme es posible gracias a esta innovadora fórmula. Diseñada para prevenir los signos de la edad causados por la polución moderna, la luz azul y la radiación solar, esta crema repara, hidrata, fortifica y protege a la vez que aporta un toque natural de color, que se adapta a cada tipo de piel, para perfeccionar, unificar y difuminar imperfecciones, revelando una tez espléndida.</p>
<p>50 ml</p>

<!-- This site is optimized with the Yoast SEO plugin v25.6 - https://yoast.com/wordpress/plugins/seo/ -->
<title>Diamond Cocoon Sheer Cream SPF 30 PA+ • La Perla</title>
<meta name="description" content="Protégez et embellissez votre peau avec Diamond Cocoon Sheer Cream SPF 30. Découvrez une crème légère qui apporte hydratation, protection solaire et couleur." />
<meta name="robots" content="index, follow, max-snippet:-1, max-image-preview:large, max-video-preview:-1" />
<link rel="canonical" href="https://la-perla.net/produit/diamond-cocoon-sheer-cream-spf-30-pa/" />
<meta property="og:locale" content="fr_FR" />
<meta property="og:type" content="article" />
<meta property="og:title" content="Diamond Cocoon Sheer Cream SPF 30 PA+ • La Perla" />
<meta property="og:description" content="Protégez et embellissez votre peau avec Diamond Cocoon Sheer Cream SPF 30. Découvrez une crème légère qui apporte hydratation, protection solaire et couleur." />
<meta property="og:url" content="https://la-perla.net/produit/diamond-cocoon-sheer-cream-spf-30-pa/" />
<meta property="og:site_name" content="Talasoterapia La Perla • San Sebastián - Donostia" />
<meta property="article:publisher" content="https://www.facebook.com/laperladonosti/" />
<meta property="article:modified_time" content="2025-12-01T22:00:21+00:00" />
<meta property="og:image" content="https://la-perla.net/wp-content/uploads/2020/11/cocoon-sheer-crema-spf30.jpg" />
	<meta property="og:image:width" content="1701" />
	<meta property="og:image:height" content="1417" />
	<meta property="og:image:type" content="image/jpeg" />
<meta name="twitter:card" content="summary_large_image" />
<meta name="twitter:site" content="@LaPerlaDonosti" />
<meta name="twitter:label1" content="Durée de lecture estimée" />
	<meta name="twitter:data1" content="1 minute" />
<script type="application/ld+json" class="yoast-schema-graph">{"@context":"https://schema.org","@graph":[{"@type":"WebPage","@id":"https://la-perla.net/produit/diamond-cocoon-sheer-cream-spf-30-pa/","url":"https://la-perla.net/produit/diamond-cocoon-sheer-cream-spf-30-pa/","name":"Diamond Cocoon Sheer Cream SPF 30 PA+ • La Perla","isPartOf":{"@id":"https://la-perla.net/#website"},"primaryImageOfPage":{"@id":"https://la-perla.net/produit/diamond-cocoon-sheer-cream-spf-30-pa/#primaryimage"},"image":{"@id":"https://la-perla.net/produit/diamond-cocoon-sheer-cream-spf-30-pa/#primaryimage"},"thumbnailUrl":"https://la-perla.net/wp-content/uploads/2020/11/cocoon-sheer-crema-spf30.jpg","datePublished":"2021-08-11T08:21:49+00:00","dateModified":"2025-12-01T22:00:21+00:00","description":"Protégez et embellissez votre peau avec Diamond Cocoon Sheer Cream SPF 30. Découvrez une crème légère qui apporte hydratation, protection solaire et couleur.","breadcrumb":{"@id":"https://la-perla.net/produit/diamond-cocoon-sheer-cream-spf-30-pa/#breadcrumb"},"inLanguage":"fr-FR","potentialAction":[{"@type":"ReadAction","target":["https://la-perla.net/produit/diamond-cocoon-sheer-cream-spf-30-pa/"]}]},{"@type":"ImageObject","inLanguage":"fr-FR","@id":"https://la-perla.net/produit/diamond-cocoon-sheer-cream-spf-30-pa/#primaryimage","url":"https://la-perla.net/wp-content/uploads/2020/11/cocoon-sheer-crema-spf30.jpg","contentUrl":"https://la-perla.net/wp-content/uploads/2020/11/cocoon-sheer-crema-spf30.jpg","width":1701,"height":1417,"caption":"Diamond Cocoon Sheer Cream"},{"@type":"BreadcrumbList","@id":"https://la-perla.net/produit/diamond-cocoon-sheer-cream-spf-30-pa/#breadcrumb","itemListElement":[{"@type":"ListItem","position":1,"name":"Portada","item":"https://la-perla.net/fr/"},{"@type":"ListItem","position":2,"name":"Boutique","item":"https://la-perla.net/fr/boutique/"},{"@type":"ListItem","position":3,"name":"Diamond Cocoon Sheer Cream SPF 30 PA++"}]},{"@type":"WebSite","@id":"https://la-perla.net/#website","url":"https://la-perla.net/","name":"Talasoterapia La Perla • San Sebastián - Donostia","description":"Talasoterapia en Guipuzcoa - Centro de salud, belleza y deporte","publisher":{"@id":"https://la-perla.net/#organization"},"potentialAction":[{"@type":"SearchAction","target":{"@type":"EntryPoint","urlTemplate":"https://la-perla.net/?s={search_term_string}"},"query-input":{"@type":"PropertyValueSpecification","valueRequired":true,"valueName":"search_term_string"}}],"inLanguage":"fr-FR"},{"@type":"Organization","@id":"https://la-perla.net/#organization","name":"La Perla","url":"https://la-perla.net/","logo":{"@type":"ImageObject","inLanguage":"fr-FR","@id":"https://la-perla.net/#/schema/logo/image/","url":"https://la-perla.net/wp-content/uploads/2020/09/talasoterapia-la-perla.png","contentUrl":"https://la-perla.net/wp-content/uploads/2020/09/talasoterapia-la-perla.png","width":191,"height":51,"caption":"La Perla"},"image":{"@id":"https://la-perla.net/#/schema/logo/image/"},"sameAs":["https://www.facebook.com/laperladonosti/","https://x.com/LaPerlaDonosti","https://www.instagram.com/laperladonosti/?hl=es","https://www.youtube.com/channel/UChQhp12N7Lg6ZrOcmAJAy4g"]}]}</script>
<!-- / Yoast SEO plugin. -->

Protégez et embellissez votre peau avec Diamond Cocoon Sheer Cream SPF 30. Découvrez une crème légère qui apporte hydratation, protection solaire et couleur.

Talasoterapia La Perla • San Sebastián - Donostia
