{"id":71701,"date":"2021-08-11T10:21:49","date_gmt":"2021-08-11T08:21:49","guid":{"rendered":"https:\/\/la-perla.net\/san-sebastian\/diamond-extreme\/"},"modified":"2025-12-01T23:00:22","modified_gmt":"2025-12-01T22:00:22","slug":"diamond-extreme","status":"publish","type":"product","link":"https:\/\/la-perla.net\/fr\/produit\/diamond-extreme\/","title":{"rendered":"Diamond Extreme Rich Texture"},"content":{"rendered":"<p><strong>C\u00d3MO SE USA<\/strong><br \/>\nAplica en rostro, cuello y escote, por la ma\u00f1ana y\/o por la noche. Realiza un suave masaje hasta su total absorci\u00f3n.<\/p>\n<p><strong>TRUCOS DE BELLEZA<\/strong><\/p>\n<ul>\n<li>Su rica textura es perfecta para climas fr\u00edos y secos que deshidratan la piel y provocan sensaci\u00f3n de tirantez.<\/li>\n<li>Es un producto ideal para pieles muy castigadas y expuestas a condiciones medioambientales extremas.<\/li>\n<\/ul>\n","protected":false},"excerpt":{"rendered":"<p><strong>Una nutritiva crema con excepcionales propiedades antienvejecimiento<\/strong><\/p>\n<p><strong>Diamond Extreme Cream Rich de Natura Biss\u00e9<\/strong>\u00a0es la NUEVA GENERACI\u00d3N de la ya ic\u00f3nica y asentada Diamond Extreme Cream. Una reformulaci\u00f3n con una soluci\u00f3n antiedad completa y global que le aporta energ\u00eda la piel y la recarga. contiene un complejo que Natura Biss\u00e9 ha implementado en algunas de sus cremas de siempre que regula los ciclos naturales de la piel, por lo que la crema protege durante el d\u00eda y repara por la noche.<\/p>\n<ul>\n<li>Tarro de 50ml.<\/li>\n<li>Crema rejuvenecedora energizante.<\/li>\n<li>Textura rica.<\/li>\n<li>Pieles Maduras y secas.<\/li>\n<li>Acabado jugoso.<\/li>\n<\/ul>\n<p>&nbsp;<\/p>\n","protected":false},"featured_media":91728,"template":"","meta":{"_genesis_hide_title":false,"_genesis_hide_breadcrumbs":false,"_genesis_hide_singular_image":false,"_genesis_hide_footer_widgets":false,"_genesis_custom_body_class":"","_genesis_custom_post_class":"","_genesis_layout":""},"product_brand":[],"product_cat":[1050],"product_tag":[],"class_list":{"0":"post-71701","1":"product","2":"type-product","3":"status-publish","4":"has-post-thumbnail","6":"product_cat-natura-bisse-cremas-fr","7":"entry","9":"first","10":"instock","11":"purchasable","12":"product-type-simple"},"yoast_head":"<!-- This site is optimized with the Yoast SEO plugin v25.6 - https:\/\/yoast.com\/wordpress\/plugins\/seo\/ -->\n<title>Diamond Extreme Rich Texture \u2022 La Perla Thalassoth\u00e9rapie<\/title>\n<meta name=\"description\" content=\"Revitalisez votre peau avec Diamond Extreme, une cr\u00e8me de luxe qui combat les signes de l&#039;\u00e2ge - d\u00e9couvrez le pouvoir des diamants !\" \/>\n<meta name=\"robots\" content=\"index, follow, max-snippet:-1, max-image-preview:large, max-video-preview:-1\" \/>\n<link rel=\"canonical\" href=\"https:\/\/la-perla.net\/produit\/diamond-extreme\/\" \/>\n<meta property=\"og:locale\" content=\"fr_FR\" \/>\n<meta property=\"og:type\" content=\"article\" \/>\n<meta property=\"og:title\" content=\"Diamond Extreme Rich Texture \u2022 La Perla Thalassoth\u00e9rapie\" \/>\n<meta property=\"og:description\" content=\"Revitalisez votre peau avec Diamond Extreme, une cr\u00e8me de luxe qui combat les signes de l&#039;\u00e2ge - d\u00e9couvrez le pouvoir des diamants !\" \/>\n<meta property=\"og:url\" content=\"https:\/\/la-perla.net\/produit\/diamond-extreme\/\" \/>\n<meta property=\"og:site_name\" content=\"Talasoterapia La Perla \u2022 San Sebasti\u00e1n - Donostia\" \/>\n<meta property=\"article:publisher\" content=\"https:\/\/www.facebook.com\/laperladonosti\/\" \/>\n<meta property=\"article:modified_time\" content=\"2025-12-01T22:00:22+00:00\" \/>\n<meta property=\"og:image\" content=\"https:\/\/la-perla.net\/wp-content\/uploads\/2021\/08\/diamondextremerich.png\" \/>\n\t<meta property=\"og:image:width\" content=\"620\" \/>\n\t<meta property=\"og:image:height\" content=\"719\" \/>\n\t<meta property=\"og:image:type\" content=\"image\/png\" \/>\n<meta name=\"twitter:card\" content=\"summary_large_image\" \/>\n<meta name=\"twitter:site\" content=\"@LaPerlaDonosti\" \/>\n<meta name=\"twitter:label1\" content=\"Dur\u00e9e de lecture estim\u00e9e\" \/>\n\t<meta name=\"twitter:data1\" content=\"1 minute\" \/>\n<script type=\"application\/ld+json\" class=\"yoast-schema-graph\">{\"@context\":\"https:\/\/schema.org\",\"@graph\":[{\"@type\":\"WebPage\",\"@id\":\"https:\/\/la-perla.net\/produit\/diamond-extreme\/\",\"url\":\"https:\/\/la-perla.net\/produit\/diamond-extreme\/\",\"name\":\"Diamond Extreme Rich Texture \u2022 La Perla Thalassoth\u00e9rapie\",\"isPartOf\":{\"@id\":\"https:\/\/la-perla.net\/#website\"},\"primaryImageOfPage\":{\"@id\":\"https:\/\/la-perla.net\/produit\/diamond-extreme\/#primaryimage\"},\"image\":{\"@id\":\"https:\/\/la-perla.net\/produit\/diamond-extreme\/#primaryimage\"},\"thumbnailUrl\":\"https:\/\/la-perla.net\/wp-content\/uploads\/2021\/08\/diamondextremerich.png\",\"datePublished\":\"2021-08-11T08:21:49+00:00\",\"dateModified\":\"2025-12-01T22:00:22+00:00\",\"description\":\"Revitalisez votre peau avec Diamond Extreme, une cr\u00e8me de luxe qui combat les signes de l'\u00e2ge - d\u00e9couvrez le pouvoir des diamants !\",\"breadcrumb\":{\"@id\":\"https:\/\/la-perla.net\/produit\/diamond-extreme\/#breadcrumb\"},\"inLanguage\":\"fr-FR\",\"potentialAction\":[{\"@type\":\"ReadAction\",\"target\":[\"https:\/\/la-perla.net\/produit\/diamond-extreme\/\"]}]},{\"@type\":\"ImageObject\",\"inLanguage\":\"fr-FR\",\"@id\":\"https:\/\/la-perla.net\/produit\/diamond-extreme\/#primaryimage\",\"url\":\"https:\/\/la-perla.net\/wp-content\/uploads\/2021\/08\/diamondextremerich.png\",\"contentUrl\":\"https:\/\/la-perla.net\/wp-content\/uploads\/2021\/08\/diamondextremerich.png\",\"width\":620,\"height\":719,\"caption\":\"Diamond Extreme Rich Texture\"},{\"@type\":\"BreadcrumbList\",\"@id\":\"https:\/\/la-perla.net\/produit\/diamond-extreme\/#breadcrumb\",\"itemListElement\":[{\"@type\":\"ListItem\",\"position\":1,\"name\":\"Portada\",\"item\":\"https:\/\/la-perla.net\/fr\/\"},{\"@type\":\"ListItem\",\"position\":2,\"name\":\"Boutique\",\"item\":\"https:\/\/la-perla.net\/fr\/boutique\/\"},{\"@type\":\"ListItem\",\"position\":3,\"name\":\"Diamond Extreme Rich Texture\"}]},{\"@type\":\"WebSite\",\"@id\":\"https:\/\/la-perla.net\/#website\",\"url\":\"https:\/\/la-perla.net\/\",\"name\":\"Talasoterapia La Perla \u2022 San Sebasti\u00e1n - Donostia\",\"description\":\"Talasoterapia en Guipuzcoa - Centro de salud, belleza y deporte\",\"publisher\":{\"@id\":\"https:\/\/la-perla.net\/#organization\"},\"potentialAction\":[{\"@type\":\"SearchAction\",\"target\":{\"@type\":\"EntryPoint\",\"urlTemplate\":\"https:\/\/la-perla.net\/?s={search_term_string}\"},\"query-input\":{\"@type\":\"PropertyValueSpecification\",\"valueRequired\":true,\"valueName\":\"search_term_string\"}}],\"inLanguage\":\"fr-FR\"},{\"@type\":\"Organization\",\"@id\":\"https:\/\/la-perla.net\/#organization\",\"name\":\"La Perla\",\"url\":\"https:\/\/la-perla.net\/\",\"logo\":{\"@type\":\"ImageObject\",\"inLanguage\":\"fr-FR\",\"@id\":\"https:\/\/la-perla.net\/#\/schema\/logo\/image\/\",\"url\":\"https:\/\/la-perla.net\/wp-content\/uploads\/2020\/09\/talasoterapia-la-perla.png\",\"contentUrl\":\"https:\/\/la-perla.net\/wp-content\/uploads\/2020\/09\/talasoterapia-la-perla.png\",\"width\":191,\"height\":51,\"caption\":\"La Perla\"},\"image\":{\"@id\":\"https:\/\/la-perla.net\/#\/schema\/logo\/image\/\"},\"sameAs\":[\"https:\/\/www.facebook.com\/laperladonosti\/\",\"https:\/\/x.com\/LaPerlaDonosti\",\"https:\/\/www.instagram.com\/laperladonosti\/?hl=es\",\"https:\/\/www.youtube.com\/channel\/UChQhp12N7Lg6ZrOcmAJAy4g\"]}]}<\/script>\n<!-- \/ Yoast SEO plugin. -->","yoast_head_json":{"title":"Diamond Extreme Rich Texture \u2022 La Perla Thalassoth\u00e9rapie","description":"Revitalisez votre peau avec Diamond Extreme, une cr\u00e8me de luxe qui combat les signes de l'\u00e2ge - d\u00e9couvrez le pouvoir des diamants !","robots":{"index":"index","follow":"follow","max-snippet":"max-snippet:-1","max-image-preview":"max-image-preview:large","max-video-preview":"max-video-preview:-1"},"canonical":"https:\/\/la-perla.net\/produit\/diamond-extreme\/","og_locale":"fr_FR","og_type":"article","og_title":"Diamond Extreme Rich Texture \u2022 La Perla Thalassoth\u00e9rapie","og_description":"Revitalisez votre peau avec Diamond Extreme, une cr\u00e8me de luxe qui combat les signes de l'\u00e2ge - d\u00e9couvrez le pouvoir des diamants !","og_url":"https:\/\/la-perla.net\/produit\/diamond-extreme\/","og_site_name":"Talasoterapia La Perla \u2022 San Sebasti\u00e1n - Donostia","article_publisher":"https:\/\/www.facebook.com\/laperladonosti\/","article_modified_time":"2025-12-01T22:00:22+00:00","og_image":[{"width":620,"height":719,"url":"https:\/\/la-perla.net\/wp-content\/uploads\/2021\/08\/diamondextremerich.png","type":"image\/png"}],"twitter_card":"summary_large_image","twitter_site":"@LaPerlaDonosti","twitter_misc":{"Dur\u00e9e de lecture estim\u00e9e":"1 minute"},"schema":{"@context":"https:\/\/schema.org","@graph":[{"@type":"WebPage","@id":"https:\/\/la-perla.net\/produit\/diamond-extreme\/","url":"https:\/\/la-perla.net\/produit\/diamond-extreme\/","name":"Diamond Extreme Rich Texture \u2022 La Perla Thalassoth\u00e9rapie","isPartOf":{"@id":"https:\/\/la-perla.net\/#website"},"primaryImageOfPage":{"@id":"https:\/\/la-perla.net\/produit\/diamond-extreme\/#primaryimage"},"image":{"@id":"https:\/\/la-perla.net\/produit\/diamond-extreme\/#primaryimage"},"thumbnailUrl":"https:\/\/la-perla.net\/wp-content\/uploads\/2021\/08\/diamondextremerich.png","datePublished":"2021-08-11T08:21:49+00:00","dateModified":"2025-12-01T22:00:22+00:00","description":"Revitalisez votre peau avec Diamond Extreme, une cr\u00e8me de luxe qui combat les signes de l'\u00e2ge - d\u00e9couvrez le pouvoir des diamants !","breadcrumb":{"@id":"https:\/\/la-perla.net\/produit\/diamond-extreme\/#breadcrumb"},"inLanguage":"fr-FR","potentialAction":[{"@type":"ReadAction","target":["https:\/\/la-perla.net\/produit\/diamond-extreme\/"]}]},{"@type":"ImageObject","inLanguage":"fr-FR","@id":"https:\/\/la-perla.net\/produit\/diamond-extreme\/#primaryimage","url":"https:\/\/la-perla.net\/wp-content\/uploads\/2021\/08\/diamondextremerich.png","contentUrl":"https:\/\/la-perla.net\/wp-content\/uploads\/2021\/08\/diamondextremerich.png","width":620,"height":719,"caption":"Diamond Extreme Rich Texture"},{"@type":"BreadcrumbList","@id":"https:\/\/la-perla.net\/produit\/diamond-extreme\/#breadcrumb","itemListElement":[{"@type":"ListItem","position":1,"name":"Portada","item":"https:\/\/la-perla.net\/fr\/"},{"@type":"ListItem","position":2,"name":"Boutique","item":"https:\/\/la-perla.net\/fr\/boutique\/"},{"@type":"ListItem","position":3,"name":"Diamond Extreme Rich Texture"}]},{"@type":"WebSite","@id":"https:\/\/la-perla.net\/#website","url":"https:\/\/la-perla.net\/","name":"Talasoterapia La Perla \u2022 San Sebasti\u00e1n - Donostia","description":"Talasoterapia en Guipuzcoa - Centro de salud, belleza y deporte","publisher":{"@id":"https:\/\/la-perla.net\/#organization"},"potentialAction":[{"@type":"SearchAction","target":{"@type":"EntryPoint","urlTemplate":"https:\/\/la-perla.net\/?s={search_term_string}"},"query-input":{"@type":"PropertyValueSpecification","valueRequired":true,"valueName":"search_term_string"}}],"inLanguage":"fr-FR"},{"@type":"Organization","@id":"https:\/\/la-perla.net\/#organization","name":"La Perla","url":"https:\/\/la-perla.net\/","logo":{"@type":"ImageObject","inLanguage":"fr-FR","@id":"https:\/\/la-perla.net\/#\/schema\/logo\/image\/","url":"https:\/\/la-perla.net\/wp-content\/uploads\/2020\/09\/talasoterapia-la-perla.png","contentUrl":"https:\/\/la-perla.net\/wp-content\/uploads\/2020\/09\/talasoterapia-la-perla.png","width":191,"height":51,"caption":"La Perla"},"image":{"@id":"https:\/\/la-perla.net\/#\/schema\/logo\/image\/"},"sameAs":["https:\/\/www.facebook.com\/laperladonosti\/","https:\/\/x.com\/LaPerlaDonosti","https:\/\/www.instagram.com\/laperladonosti\/?hl=es","https:\/\/www.youtube.com\/channel\/UChQhp12N7Lg6ZrOcmAJAy4g"]}]}},"_links":{"self":[{"href":"https:\/\/la-perla.net\/fr\/wp-json\/wp\/v2\/product\/71701"}],"collection":[{"href":"https:\/\/la-perla.net\/fr\/wp-json\/wp\/v2\/product"}],"about":[{"href":"https:\/\/la-perla.net\/fr\/wp-json\/wp\/v2\/types\/product"}],"wp:featuredmedia":[{"embeddable":true,"href":"https:\/\/la-perla.net\/fr\/wp-json\/wp\/v2\/media\/91728"}],"wp:attachment":[{"href":"https:\/\/la-perla.net\/fr\/wp-json\/wp\/v2\/media?parent=71701"}],"wp:term":[{"taxonomy":"product_brand","embeddable":true,"href":"https:\/\/la-perla.net\/fr\/wp-json\/wp\/v2\/product_brand?post=71701"},{"taxonomy":"product_cat","embeddable":true,"href":"https:\/\/la-perla.net\/fr\/wp-json\/wp\/v2\/product_cat?post=71701"},{"taxonomy":"product_tag","embeddable":true,"href":"https:\/\/la-perla.net\/fr\/wp-json\/wp\/v2\/product_tag?post=71701"}],"curies":[{"name":"wp","href":"https:\/\/api.w.org\/{rel}","templated":true}]}}

<p><strong>CÓMO SE USA</strong><br />
Aplica en rostro, cuello y escote, por la mañana y/o por la noche. Realiza un suave masaje hasta su total absorción.</p>
<p><strong>TRUCOS DE BELLEZA</strong></p>
<ul>
<li>Su rica textura es perfecta para climas fríos y secos que deshidratan la piel y provocan sensación de tirantez.</li>
<li>Es un producto ideal para pieles muy castigadas y expuestas a condiciones medioambientales extremas.</li>
</ul>

<p><strong>Una nutritiva crema con excepcionales propiedades antienvejecimiento</strong></p>
<p><strong>Diamond Extreme Cream Rich de Natura Bissé</strong> es la NUEVA GENERACIÓN de la ya icónica y asentada Diamond Extreme Cream. Una reformulación con una solución antiedad completa y global que le aporta energía la piel y la recarga. contiene un complejo que Natura Bissé ha implementado en algunas de sus cremas de siempre que regula los ciclos naturales de la piel, por lo que la crema protege durante el día y repara por la noche.</p>
<ul>
<li>Tarro de 50ml.</li>
<li>Crema rejuvenecedora energizante.</li>
<li>Textura rica.</li>
<li>Pieles Maduras y secas.</li>
<li>Acabado jugoso.</li>
</ul>
<p>&nbsp;</p>

<!-- This site is optimized with the Yoast SEO plugin v25.6 - https://yoast.com/wordpress/plugins/seo/ -->
<title>Diamond Extreme Rich Texture • La Perla Thalassothérapie</title>
<meta name="description" content="Revitalisez votre peau avec Diamond Extreme, une crème de luxe qui combat les signes de l&#039;âge - découvrez le pouvoir des diamants !" />
<meta name="robots" content="index, follow, max-snippet:-1, max-image-preview:large, max-video-preview:-1" />
<link rel="canonical" href="https://la-perla.net/produit/diamond-extreme/" />
<meta property="og:locale" content="fr_FR" />
<meta property="og:type" content="article" />
<meta property="og:title" content="Diamond Extreme Rich Texture • La Perla Thalassothérapie" />
<meta property="og:description" content="Revitalisez votre peau avec Diamond Extreme, une crème de luxe qui combat les signes de l&#039;âge - découvrez le pouvoir des diamants !" />
<meta property="og:url" content="https://la-perla.net/produit/diamond-extreme/" />
<meta property="og:site_name" content="Talasoterapia La Perla • San Sebastián - Donostia" />
<meta property="article:publisher" content="https://www.facebook.com/laperladonosti/" />
<meta property="article:modified_time" content="2025-12-01T22:00:22+00:00" />
<meta property="og:image" content="https://la-perla.net/wp-content/uploads/2021/08/diamondextremerich.png" />
	<meta property="og:image:width" content="620" />
	<meta property="og:image:height" content="719" />
	<meta property="og:image:type" content="image/png" />
<meta name="twitter:card" content="summary_large_image" />
<meta name="twitter:site" content="@LaPerlaDonosti" />
<meta name="twitter:label1" content="Durée de lecture estimée" />
	<meta name="twitter:data1" content="1 minute" />
<script type="application/ld+json" class="yoast-schema-graph">{"@context":"https://schema.org","@graph":[{"@type":"WebPage","@id":"https://la-perla.net/produit/diamond-extreme/","url":"https://la-perla.net/produit/diamond-extreme/","name":"Diamond Extreme Rich Texture • La Perla Thalassothérapie","isPartOf":{"@id":"https://la-perla.net/#website"},"primaryImageOfPage":{"@id":"https://la-perla.net/produit/diamond-extreme/#primaryimage"},"image":{"@id":"https://la-perla.net/produit/diamond-extreme/#primaryimage"},"thumbnailUrl":"https://la-perla.net/wp-content/uploads/2021/08/diamondextremerich.png","datePublished":"2021-08-11T08:21:49+00:00","dateModified":"2025-12-01T22:00:22+00:00","description":"Revitalisez votre peau avec Diamond Extreme, une crème de luxe qui combat les signes de l'âge - découvrez le pouvoir des diamants !","breadcrumb":{"@id":"https://la-perla.net/produit/diamond-extreme/#breadcrumb"},"inLanguage":"fr-FR","potentialAction":[{"@type":"ReadAction","target":["https://la-perla.net/produit/diamond-extreme/"]}]},{"@type":"ImageObject","inLanguage":"fr-FR","@id":"https://la-perla.net/produit/diamond-extreme/#primaryimage","url":"https://la-perla.net/wp-content/uploads/2021/08/diamondextremerich.png","contentUrl":"https://la-perla.net/wp-content/uploads/2021/08/diamondextremerich.png","width":620,"height":719,"caption":"Diamond Extreme Rich Texture"},{"@type":"BreadcrumbList","@id":"https://la-perla.net/produit/diamond-extreme/#breadcrumb","itemListElement":[{"@type":"ListItem","position":1,"name":"Portada","item":"https://la-perla.net/fr/"},{"@type":"ListItem","position":2,"name":"Boutique","item":"https://la-perla.net/fr/boutique/"},{"@type":"ListItem","position":3,"name":"Diamond Extreme Rich Texture"}]},{"@type":"WebSite","@id":"https://la-perla.net/#website","url":"https://la-perla.net/","name":"Talasoterapia La Perla • San Sebastián - Donostia","description":"Talasoterapia en Guipuzcoa - Centro de salud, belleza y deporte","publisher":{"@id":"https://la-perla.net/#organization"},"potentialAction":[{"@type":"SearchAction","target":{"@type":"EntryPoint","urlTemplate":"https://la-perla.net/?s={search_term_string}"},"query-input":{"@type":"PropertyValueSpecification","valueRequired":true,"valueName":"search_term_string"}}],"inLanguage":"fr-FR"},{"@type":"Organization","@id":"https://la-perla.net/#organization","name":"La Perla","url":"https://la-perla.net/","logo":{"@type":"ImageObject","inLanguage":"fr-FR","@id":"https://la-perla.net/#/schema/logo/image/","url":"https://la-perla.net/wp-content/uploads/2020/09/talasoterapia-la-perla.png","contentUrl":"https://la-perla.net/wp-content/uploads/2020/09/talasoterapia-la-perla.png","width":191,"height":51,"caption":"La Perla"},"image":{"@id":"https://la-perla.net/#/schema/logo/image/"},"sameAs":["https://www.facebook.com/laperladonosti/","https://x.com/LaPerlaDonosti","https://www.instagram.com/laperladonosti/?hl=es","https://www.youtube.com/channel/UChQhp12N7Lg6ZrOcmAJAy4g"]}]}</script>
<!-- / Yoast SEO plugin. -->

Diamond Extreme Rich Texture • La Perla Thalassothérapie

Revitalisez votre peau avec Diamond Extreme, une crème de luxe qui combat les signes de l'âge - découvrez le pouvoir des diamants !

Talasoterapia La Perla • San Sebastián - Donostia
